(4/(-3)). Let g be (-5 + u)*(-5 - (-15)/(-2)). Let r = g + 731. Is r prime?
False
Suppose 34*g - 32*g + 687606 = 4*o, 0 = 2*o + g - 343809. Is o a prime number?
False
Let n(p) = -222*p + 180. Let u be n(-14). Is 1/(u/3284 + -1) composite?
False
Let j = -116818 + 247478. Suppose 105*h - j = 85*h. Is h a prime number?
False
Suppose -15*f = -11*f + 4*c - 936752, 0 = -2*f - c + 468385. Is f a prime number?
True
Let y(g) be the second derivative of -3*g**4/4 + 5*g**3/6 - 17*g**2/2 + 4*g. Let z be y(-5). Let j = z - -784. Is j a composite number?
True
Let z(y) = -y**3 + 9*y**2 + 10*y + 6. Let r be z(10). Let d be 93 + (r - 3/((-9)/(-6))). Suppose d*u = 99*u - 758. Is u a prime number?
True
Let f be -5 + -6 + (-70)/(-10). Suppose 4*t + t + 5 = -5*a, -t - 2*a - 2 = 0. Is f + ((-44)/(-4) - t) a prime number?
True
Is -3 - -3 - 7 - 2974370/(-7) a prime number?
True
Let l be 15/6 + 2/4. Let w = -221 + 224. Suppose 1281 = 4*v + 5*h, w*v - l*h = 2*h + 952. Is v a composite number?
True
Suppose 4*r - 96 = 2*p - 26, 2*r + 5*p = 53. Suppose 14*x + 4*w + 29897 = r*x, 0 = -x - 5*w + 5991. Is x prime?
True
Suppose 32*b + 100*b - 9320645 = 520879. Is b a composite number?
True
Suppose 4*z + 4*n - 8 - 4 = 0, n - 7 = -2*z. Suppose 5*t = 5, -z*t + 3861 + 9335 = a. Suppose -6*r + a = 2*r. Is r a composite number?
True
Let h(b) be the second derivative of b**4/6 + 16*b**3/3 + 41*b**2/2 + 23*b. Let m be h(-20). Suppose d = 434 + m. Is d a prime number?
False
Suppose -22*q + 13464 = -21*q. Suppose q = -6*g - 5*g. Let m = g - -2143. Is m a prime number?
True
Let q(y) be the second derivative of -61*y**3/2 + 11*y**2/2 + 16*y + 1. Let m(f) = f**2 + 5*f + 2. Let u be m(-3). Is q(u) composite?
False
Let n = -51 - -51. Suppose -4*r + 6*r - 2896 = n. Let v = r - 781. Is v a composite number?
True
Let s = 11 - 0. Suppose -s - 5 = -8*q. Suppose -1105 + 219 = -q*w. Is w a prime number?
True
Let k(y) = 56*y + 114. Let o be k(-2). Let t be (12/(-16))/((-2)/8). Suppose 4739 = 5*p - 5*n + 979, -o*p + 1489 = t*n. Is p composite?
True
Let x(l) = 64*l**2 - 4*l + 3. Let q(o) = 128*o**2 - 8*o + 5. Let n(v) = 6*q(v) - 11*x(v). Let k be n(-1). Suppose 3*h - k = 2*h. Is h a prime number?
False
Let w = -24247 + 114978. Is w a composite number?
False
Suppose 3*i - 2*v + 48149 = 2*v, -64228 = 4*i + 2*v. Is i/(-3) + (-10)/15 composite?
False
Suppose 0 = -4*o - 3*m + 57, 3*m = -2*o - m + 36. Is (o/9)/1 - 32271/(-9) a composite number?
True
Let a(h) = 3*h - 13. Let r(z) = 2*z - 12. Let x(o) = 3*a(o) - 4*r(o). Let y be x(-4). Suppose -384 = y*f - 1379. Is f a composite number?
False
Let l(u) = -144*u**2 - 2*u + 3. Let g be l(5). Let d = g + 7998. Is d a prime number?
True
Let t = 32191 + -18339. Let i = t + -6351. Is i a composite number?
True
Suppose -3*y + v + 306 = -163, -800 = -5*y - 2*v. Suppose 6601 = -y*i + 165*i. Is i a prime number?
False
Let t(d) be the third derivative of d**4/4 + 10891*d**3/6 + 4*d**2. Let x be t(0). Suppose 4*p = 5*z + x, -12304 = -3*p + z - 4144. Is p a prime number?
True
Let i(d) = d**3 + 9*d**2 + 11*d - 17. Let c be i(-7). Let z be (14/c)/(6/(-36)). Let j = z - -124. Is j a composite number?
False
Let c = 486423 - 317084. Is c prime?
True
Let w be -3*1409*1/(-18)*6. Suppose 2*k + w = 12615. Is k prime?
False
Suppose f + 466741 + 82295 = 4*r, -2*f = 8*r - 1098040. Is r a prime number?
False
Suppose -5*w + i = -621226, -35*w + 30*w + 621280 = 5*i. Is w a composite number?
False
Let x = -209 + 205. Let p(o) = -10*o**3 + 6*o**2 + 4*o + 1. Is p(x) prime?
False
Let o be (22*-5)/(-5) - 0/(-1). Suppose 5*h + o*k = 17*k + 6905, -h + 3*k = -1381. Is h a prime number?
True
Suppose -61*h - 1278 = -63*h. Let j = h + -228. Is j composite?
True
Let f = -14 - 28. Let y = 39 + f. Is 1147 - (-20)/(2 - y) a prime number?
True
Let g(v) = -v**3 - 4*v**2 + 5. Let s be g(-4). Suppose 13 = p + 5*j, 2*p - 7*p + s = -5*j. Suppose p*z - 131 = 2*z. Is z prime?
True
Let p(z) = -1650*z**2 - 4*z - 9. Let i be p(-3). Let r = i + 21514. Is r prime?
False
Suppose 49656982 - 10181952 = 70*f. Is f prime?
True
Suppose -45*v + 44*v + 442793 = -4*t, 0 = 3*v - 2*t - 1328369. Is v composite?
False
Let w = 65937 - 46646. Is w a composite number?
True
Let b = 20316 - 4330. Is b a composite number?
True
Suppose -3*o + 1842 = -v, 5*o - 5*v + 1331 - 4411 = 0. Let b = -227 + o. Let s = b + 65. Is s a prime number?
False
Suppose 2*p = -4*o + 60790, 0 = 2*p - p - 3. Let j = o + -10209. Is j prime?
True
Let q(d) = -d**2 + 7*d + 65. Let i be q(-5). Suppose 3*k = 4*b - b + 17208, 3*k + i*b - 17168 = 0. Is k a composite number?
True
Let k(m) = -293*m - 23. Let z(p) = -p + 1. Let w(c) = k(c) + 2*z(c). Is w(-5) a prime number?
False
Let b(f) = 13*f**2 + 568*f - 60. Is b(-143) a prime number?
True
Suppose -4*o - 5 - 3 = 0, -2*o = 3*u + 10. Let y be -1*(-15)/(u - -5). Suppose 506 = 2*r + y*h, 0*r + r + 2*h - 253 = 0. Is r prime?
False
Let x = -497 + 503. Suppose x*j = -249 + 1359. Is j a composite number?
True
Suppose -536891 + 1926877 = 26*o. Is o a composite number?
True
Let i(l) = -25 + 15*l - 22 + 2*l**3 + 40 - 19*l**2. Is i(14) prime?
False
Suppose 11617*r = 11615*r + 518626. Is r prime?
False
Suppose 55*c + 86*c - 29926420 = 37870469. Is c prime?
False
Suppose 4*c - 299 = 353. Let g = c + -100. Is g/(-147) + (-6208)/(-14) prime?
True
Let z be (3 - -10) + -6 + 0. Suppose -z*w = 3*w - 7870. Is w a composite number?
False
Let l = -112 + 104. Let w be (-27 - -55)*2/l*-2. Suppose 2*d + w = 40. Is d a prime number?
True
Let j be 70/(-315) - 4*57/(-54). Suppose 4*m - 7037 = c, -5*c - 1764 = -5*m + j*m. Is m prime?
True
Let f = -10 - -21. Suppose f*x + 2 = 9*x. Let r(u) = -234*u**3 - 1. Is r(x) a prime number?
True
Let a(k) = -913*k**3 - 3*k**2 - 16*k + 3. Is a(-4) a composite number?
False
Let p(v) be the second derivative of -v**5/6 + 31*v**4/24 - 7*v**3/3 - 10*v. Let g(x) be the second derivative of p(x). Is g(-15) prime?
True
Let h be (-58)/(-14) - 4 - (-282)/(-14). Is (h/15)/((-16)/19644) prime?
True
Let x(f) = 12*f**2 + 66*f - 12. Let j be x(26). Let l = 16337 - j. Is l composite?
False
Suppose 0 = w - 5*x - 5221, -5*w + 22*x = 24*x - 25970. Let q = w - 3147. Is q prime?
False
Let n be 6/(-30) - (-2 - 12/10). Suppose -2*w + 742 - 230 = -n*d, 8 = -4*d. Is w a prime number?
False
Suppose 12*u - 18*u = -72. Suppose 11 + 13 = -u*m. Is (1 - -1400) + m + 3 a prime number?
False
Suppose 23*n + 19215051 = 92*n. Is n composite?
False
Suppose 29*y - 17402 - 110923 = 0. Suppose -8*l = y - 39361. Is l a prime number?
False
Let k(l) = 6*l + 8*l**2 - 9 - l - 6. Let o = 927 - 935. Is k(o) composite?
False
Let n(b) = 14*b - 40. Let m be n(14). Let q = m + -149. Suppose -q*k + 5*k = -1594. Is k composite?
False
Suppose 3*z - 3*k = 528, -4*z + 3*k = -5*z + 172. Let c(s) = -s + 304. Let o be c(0). Let l = z + o. Is l composite?
False
Let i(x) = -x**3 + 9*x**2 + 9*x + 14. Let o be i(10). Let a(b) = -8*b**3 - 2*b**3 + 13*b**3 - 18*b**2 - o*b + 11 - 4*b**3. Is a(-18) prime?
True
Let h = 69867 - 34348. Is h prime?
False
Suppose -5*c = -5*s + 7165, -1489 = -s + 2*c - 61. Suppose -3*v = -s - 125. Is v a prime number?
True
Let n = 1399202 - 957999. Is n composite?
True
Let s be ((-10378)/6)/(1/3). Let k be (273/(-26) - -11)*-24. Is k/15 + s/(-5) a composite number?
True
Let x(y) be the second derivative of -y**3/3 + 49*y**2/2 - 43*y. Let p be x(23). Suppose p*b - 263 = -4*h + 1419, 2*h + 3*b = 844. Is h a prime number?
True
Let u = 16 - 14. Let x = -30 - -33. Suppose x*l - 245 = -u*l. Is l a composite number?
True
Let g = 52 + -46. Suppose -17 = -4*o - j, -9 = 2*o - g*j + 3*j. Suppose -l = -5*x + 1465, o*l = -5*x - l + 1465. Is x a prime number?
True
Suppose -11 - 11 = 11*y. Let r(b) = 17*b**2 + 30*b + 11. Let x(s) = -9*s**2 - 15*s - 5. Let i(w) = y*r(w) - 5*x(w). Is i(-11) composite?
True
Suppose 3*j = -2*r + 314136 - 121695, 192490 = 2*r - 4*j. Is r a composite number?
True
Suppose 15*p - 412928 = 217057. Is p a composite number?
False
Let o(l) = -61 + 25 + 14 - 99 + 5*l + 15*l**2. Is o(16) a prime number?
False
Let i(j) = -2147*j + 1655. Is i(-84) a composite number?
True
Suppose 4*s + 54802 - 683219 = t, -3*t = 5*s - 785500. Is s prime?
True
Let f = 44 + -40. Suppose -c - 12 = -2*j, 2*j + 3*c = f - 8. Suppose o - 4*o = -j*l + 6170, -o 